pose 12*j - 16*j = -4. Calculate f(j).
3
Let d(w) = -3*w - 2. Let h(a) = 4*a**2 + 8*a - 1. Let y(u) = -u**2 - u + 1. Let q(o) = -h(o) - 3*y(o). Let n = -18 + 13. Let b be q(n). What is d(b)?
4
Let d(k) = -6*k**2 + k - 1. Let r be 2/((-1)/(-5)*2). Suppose r*y + 3*t - 19 = 0, -4*t = -3*y - 3 - 3. Suppose -j + y = 1. Give d(j).
-6
Let k(t) = t**2 + t + 2. Let w(l) = 4 + l - 3 + 3*l**2 + 1 - l**2. Let o(i) = -3*k(i) + 2*w(i). Give o(-2).
4
Suppose -10 = -o - 3*z + 4, 0 = -4*o - 3*z + 20. Let r be 0 - (-4)/o*1. Suppose -2*m - r*m = -5*w + 1, -5*w + 2*m = 7. Let k(d) = 2*d + 1. Determine k(w).
-5
Let n(w) = -1 + 4*w + w + 3*w + w. Calculate n(-1).
-10
Let n(z) = z**2 + 5*z - 7. Let o(d) be the first derivative of 2*d**3/3 + 5*d**2 - 14*d - 4. Let v(c) = 7*n(c) - 3*o(c). What is v(-6)?
-1
Let y(k) = 2*k - 3*k + 0*k + 3. Suppose -g + 6 = g. Give y(g).
0
Let q(a) = -a - 5. Let k(r) = 2*r + 10. Let f(s) = 2*k(s) + 5*q(s). Let h be f(-4). Let m(j) = 2*j - 1. Calculate m(h).
-3
Suppose -x - 3 = -0*x. Let g(l) = -31 - 3*l**2 + l + 34 - l - l**3 + 2*l. Calculate g(x).
-3
Let x(q) = q**2 - 3*q + 5. Let t be x(4). Let h(i) = -8 - 7 + 11 + i. Let z be h(t). Let d(l) = -l**2 + 4*l + 1. Determine d(z).
-4
Suppose 0*i + 17 = 4*s - i, -2*s + 3*i = -21. Let t(k) = k**3 - 5*k**2 + 5*k - 4. Give t(s).
-7
Let t(o) = 1. Suppose -6*s = -2*s - 5*z + 24, s - 4*z + 6 = 0. Let i(w) = 2*w**2 + 3*w - 9. Let y(p) = s*t(p) - i(p). What is y(2)?
-11
Let a(b) = -2*b. Suppose 5*n = 20, n + n - 28 = 4*v. Calculate a(v).
10
Let g(v) = -6*v**3 - v**2 + v + 1. Let l(f) = -f - 7. Let y be l(-6). Determine g(y).
5
Let b(q) = -q + 2*q - 4 - 2*q. Suppose 4*f = -4*d - 20, 2*d = -3*f - 10 - 2. Let t be b(d). Let c(p) = 5*p**3 + p + 1. Determine c(t).
-5
Let a(v) = 16*v**2 + v. Let i = 147 + -148. What is a(i)?
15
Let p(o) be the second derivative of 5*o**4/6 - o**2/2 + 19*o. Determine p(-1).
9
Let y(s) = -s**2 - 1 - s + 11*s**2 + 0 - 8*s**2. What is y(-1)?
2
Suppose -b - 33 = 2*b. Let y = 21 - 28. Let j = y - b. Let o(z) = -z**3 + 3*z**2 + 6*z - 5. What is o(j)?
3
Let m(x) = -2 + 2*x**3 - x**3 + x**2 - 7*x**2 + 6*x + 5. What is m(5)?
8
Suppose -3*m - 1 = -7. Let g(t) = -m + 0*t + t + t. Give g(-4).
-10
Suppose -1 = 2*g - 3. Let k(z) = 9*z - 1. Give k(g).
8
Suppose 5*j = v - 5, v = -2*j - 2*v - 19. Let w(q) be the first derivative of -q**3/3 + q**2 + q + 1. What is w(j)?
-7
Suppose -2*k = -7*k. Let n(j) = -4*j**2 - 6*j + 8. Let q(y) = -3*y**2 - 5*y + 8. Let p(a) = -4*n(a) + 5*q(a). Calculate p(k).
8
Let f(j) = 5*j**2 + 5*j + 1. Let x(n) = -10*n**2 - 9*n - 2. Let c(m) = 5*f(m) + 3*x(m). Determine c(-1).
-4
Let b(h) = -h**2 + 4*h - 2. Let i(a) = a. Let s be i(5). Give b(s).
-7
Let u(z) = -z**2 - 7*z - 4. Suppose -t - 7 + 6 = 0. Let h be 3/3*t*4. Calculate u(h).
8
Suppose 4*k = -j - j - 4, -2*k = -5*j + 14. Suppose -u + 6*u - 2*f = -10, 4*u - j*f + 6 = 0. Let h(v) = 3*v**2 - 5 + 3 + v**3 - 5*v - v. Determine h(u).
6
Suppose 0*q - 5*q - 35 = 0. Let g(v) be the third derivative of -v**6/120 - 2*v**5/15 - v**4/3 + v**3/3 - 38*v**2. Calculate g(q).
9
Let g(w) = 2*w**3 - 4 + w + w**3 - 1 - 2*w**3 + 4*w**2. Give g(-4).
-9
Let n(j) = -j - 3. Let g(x) = 3*x + 7. Suppose -2*q - 3*q = 25. Let u(z) = q*n(z) - 2*g(z). What is u(-2)?
3
Let g = -10 + 10. Let h(f) be the third derivative of g*f - 1/6*f**3 + 0 + 1/8*f**4 - f**2. What is h(1)?
2
Let f(c) = -2*c - 10. Let m be f(-6). Let x(a) be the third derivative of -1/12*a**4 + a**m + 2/3*a**3 + 0 + 0*a. Determine x(5).
-6
Let m(w) = -3*w + 1 + 11*w - w. Give m(1).
8
Let c(m) = 0*m**2 - 4 + 4*m + m**2 - 1. Let w = -6 + 2. Calculate c(w).
-5
Let s(x) = 3 - x - x**3 - 4*x**2 + x. Let n = 7 + -11. Give s(n).
3
Let f(z) = 5*z**2 - 18*z - 18. Let h(s) = 2*s**2 - 6*s - 6. Suppose 4*a + 5*q = -22, -4*a + 5*q = -0*a + 2. Let b(x) = a*f(x) + 8*h(x). Give b(-6).
6
Let u = -46 + 49. Let x(j) = j**2 - 4*j. Calculate x(u).
-3
Let w be 0 + (4 - -6)/(-5). Let d(j) = j**2 - 3*j - 3. What is d(w)?
7
Suppose -2*t - 14 = -2. Let f(u) = u**3 + 6*u**2 - 1. What is f(t)?
-1
Let i(c) = c**3 + 3*c**2 - c - 1. Let j be i(-2). Let h(t) = t. Calculate h(j).
5
Let k(w) be the second derivative of w**7/252 + w**5/120 - w**4/6 - 3*w. Let v(t) be the third derivative of k(t). Determine v(1).
11
Let u(s) = 5*s**2 + s - 1. Suppose 0*w - 2 = -2*w + 4*r, -4*w + 3*r + 4 = 0. Give u(w).
5
Let z be 16/(-4) + 2 - 3. Let q(w) = 3*w + 6. Calculate q(z).
-9
Let i(v) = v. Let t(o) = -o**3 - 5*o**2 - o + 4. Let z(w) = i(w) - t(w). Give z(-4).
4
Let j(p) = p**3 - p**2 + 8*p + 4. Let y(l) = l**3 - 2*l**2 + 9*l + 4. Let b(g) = 5*j(g) - 4*y(g). Determine b(-3).
-8
Let x(i) = 0 - i**2 + 0 + 67*i**3 - 78*i**3. What is x(1)?
-12
Let l(r) be the first derivative of 19*r**5/60 - r**3/6 - 2*r**2 + 8. Let v(x) be the second derivative of l(x). Calculate v(1).
18
Let h(q) = q - 1. Let j(u) = u**3 - u**2 + u + 4. Suppose 0 = 3*b + b. Let x be j(b). Calculate h(x).
3
Let t(c) be the second derivative of c**5/20 - c**4/2 - 4*c**3/3 + 5*c**2 - 9*c. Determine t(7).
3
Let d(l) be the first derivative of 2*l**2 + l + 2. Give d(-3).
-11
Suppose -5*f = -b - 8, -2*f - 2*b = 3*f + 1. Let m(k) = -3*k**2. Determine m(f).
-3
Let a(d) be the second derivative of -d**5/10 + d**4/12 - d**3/6 - d**2/2 - d. Let y(h) = 11*h**3 - h**2 + h + 1. Let x be y(-1). Let g = 11 + x. Give a(g).
3
Suppose -3*m - 13 = -40. Let t = m + -23. Let z = t - -9. Let s(q) = q**3 + 6*q**2 + 4*q + 2. Calculate s(z).
7
Let w be 13/4 + (-3)/12. Suppose w*j - 7*j - 20 = 0. Let m(c) = 3*c - 3. Let s(z) = 5*z - 6. Let t(d) = 7*m(d) - 4*s(d). Determine t(j).
-2
Suppose 8 = -2*p + t - 1, 4*t + 29 = -5*p. Let x(c) be the second derivative of c**5/20 + c**4/3 - c**3/2 + 5*c**2/2 - 61*c - 2. What is x(p)?
-5
Let l(t) = -2*t + 3. Let x(b) = b**2 - 7*b + 10. Let o(h) = -14*l(h) + 4*x(h). Give o(-2).
14
Suppose -4*p = 3 + 5. Let u be (-9)/(-6) + (-1)/p. Let z(q) = -3*q. What is z(u)?
-6
Let q be (6/10)/((-1)/(-5)). Suppose q*j = -8 - 7. Let n(c) = c**2 + 3*c + 2. Calculate n(j).
12
Let h(q) = 2*q**3 + q - 1. Let d be 48/18*3/(-1). Let r(p) = -p - 8. Let v be r(d). Let l be (1 - v)*(1 + 0). Calculate h(l).
2
Let o be (1/(-3))/(1/(-33)). Let h = -8 + o. Let f(s) = s**2 + s + 3 - 8*s**h + 0 - 4. Give f(1).
-7
Let f(w) = 2*w**2 - 3*w + 3. Suppose 0*c = 3*c - 6, 2*c = 2*q. Determine f(q).
5
Let a(u) = 4*u - 1. Let f be a(3). Let k = f - 16. Let n(p) = 2*p**2 - 7*p + 1. Let l(y) = -3*y**2 + 8*y - 1. Let r(w) = -3*l(w) - 4*n(w). Determine r(k).
4
Let o(m) = -5 - 8 + 16 + 3*m + 0*m. What is o(-3)?
-6
Suppose -f = 4*a - 2 - 8, 4 = 5*a - 3*f. Let i(c) = -4*c**2 - 7 + 3*c**2 + a*c**2 - 4*c. Calculate i(5).
-2
Let x = -25 + 21. Let l(y) = y + 4. What is l(x)?
0
Let q(p) = 4*p. Suppose 6 = 5*w + 16. Let r = 6 + w. Suppose 0 = 3*n + 3*u - 9, 3*n + r*u - 11 = -2*n. Calculate q(n).
-4
Let q(o) = o**2 + 7*o + 2. Suppose 4*z = 16, -4*i - z + 6*z = 44. Determine q(i).
-4
Let p(q) = -5*q + 8*q + 8*q. Determine p(2).
22
Let b(q) be the second derivative of -q**5/10 + q**4/6 - q**3/6 - q**2/2 - 10*q. Calculate b(2).
-11
Let m(y) = -y**3 - 2*y**2 + 4*y. Let n be (-180)/(-7) + 2/7. Suppose g + 5*j - n = -0*g, g = 4*j - 19. Suppose a + g = -2. Give m(a).
-3
Let t(g) = -2*g - 2. Suppose -k + 0 + 12 = -4*v, 4*k + 6 = -2*v. Let x be t(v). Suppose 0 = -0*w + w - x. Let r(c) = c**3 - 4*c**2 + 2. Calculate r(w).
2
Let c(d) be the second derivative of d**2 - 7*d + 0 - 1/6*d**3. Calculate c(-5).
7
Let m = -4 + 3. Let s(v) = 28*v**2 + 35*v - 35. Let b(g) = g + 7. Let o be b(-6). Let l(f) = -f**2 - f + 1. Let r(t) = o*s(t) + 35*l(t). Determine r(m).
-7
Let k(x) = x**3 + x**2 + x + 1. Let y(i) = 4*i**3 + 11*i**2 - 7*i. Let w(t) = -3*k(t) + y(t). Let c be w(-9). Let s(l) = -l + 13. What is s(c)?
7
Let r(f) = -2*f. Let x(q) = -q**3 + q - 3. Let c be x(0). Let h(y) be the third derivative of -y**4/24 - 2*y**3/3 - 6*y**2. Let u be h(c). Give r(u).
2
Suppose -m - 3*n = 10, 3*n = 2*m + 3*m - 4. Let y(r) = 4*r**3. Give y(m).
-4
Let y(l) be the second derivative of l**4/6 - l**3/3 - l**2/2 + l - 30. Give y(2).
3
Let b(g) = g**2 - 5*g - 7. Let c(a) = -a + 1. Let k be c(-5). What is b(k)?
-1
Let w(g) = -g**3 + 2*g**2 + 2*g - 3. Let y(r) be the second derivative of r**3/6 - 2*r**2 + r. Let d be y(9). Suppose